n factor of 209 and 133.
19
What is the highest common factor of 126 and 441?
63
Calculate the highest common divisor of 60 and 1170.
30
What is the greatest common factor of 294 and 18?
6
Calculate the greatest common divisor of 2709 and 28.
7
Calculate the highest common divisor of 99 and 44.
11
Calculate the greatest common factor of 1445 and 119.
17
Calculate the greatest common divisor of 555 and 592.
37
What is the greatest common divisor of 1606 and 1022?
146
What is the highest common divisor of 96 and 25104?
48
What is the highest common divisor of 141 and 22983?
141
Calculate the highest common divisor of 47 and 100157.
47
Calculate the greatest common divisor of 168 and 182.
14
Calculate the highest common factor of 319 and 11.
11
What is the highest common divisor of 92 and 8?
4
Calculate the greatest common factor of 119 and 56.
7
Calculate the highest common factor of 19 and 76.
19
What is the highest common divisor of 19 and 3667?
19
Calculate the highest common factor of 6723 and 83.
83
What is the highest common factor of 12 and 294?
6
Calculate the highest common divisor of 3350 and 350.
50
Calculate the greatest common divisor of 176 and 220.
44
Calculate the greatest common factor of 70 and 14.
14
Calculate the greatest common factor of 713 and 31.
31
Calculate the highest common factor of 60 and 4300.
20
Calculate the greatest common divisor of 5271 and 105.
21
What is the highest common divisor of 352 and 32?
32
What is the highest common divisor of 1232 and 143?
11
Calculate the highest common divisor of 186 and 62.
62
What is the highest common divisor of 204 and 6392?
68
What is the highest common divisor of 9 and 2601?
9
What is the greatest common divisor of 52 and 676?
52
Calculate the highest common divisor of 6 and 132.
6
What is the greatest common divisor of 528 and 144?
48
What is the greatest common factor of 1079 and 26?
13
Calculate the highest common factor of 110 and 484.
22
Calculate the greatest common factor of 14 and 161.
7
Calculate the highest common divisor of 8886 and 6.
6
What is the highest common divisor of 2121 and 21?
21
Calculate the highest common factor of 60 and 135.
15
What is the highest common divisor of 3 and 1797?
3
Calculate the highest common divisor of 44 and 2068.
44
What is the greatest common factor of 30 and 930?
30
What is the greatest common divisor of 2916 and 300?
12
What is the greatest common divisor of 908 and 4?
4
What is the greatest common divisor of 3654 and 63?
63
Calculate the highest common factor of 77 and 3509.
11
What is the highest common factor of 2343 and 9?
3
Calculate the highest common factor of 49 and 1267.
7
Calculate the greatest common divisor of 9 and 207.
9
Calculate the greatest common divisor of 279 and 2421.
9
What is the greatest common factor of 377 and 58?
29
Calculate the greatest common divisor of 1520 and 480.
80
What is the highest common divisor of 51 and 493?
17
What is the highest common divisor of 130 and 1250?
10
What is the highest common factor of 2 and 19926?
2
Calculate the greatest common factor of 175 and 425.
25
Calculate the greatest common factor of 58080 and 33.
33
What is the highest common divisor of 22 and 9306?
22
What is the greatest common factor of 67 and 1139?
67
Calculate the greatest common divisor of 55 and 2266.
11
What is the highest common factor of 34020 and 280?
140
What is the greatest common factor of 990 and 360?
90
What is the greatest common divisor of 74 and 6660?
74
What is the highest common factor of 33 and 8250?
33
Calculate the greatest common divisor of 680 and 2295.
85
What is the greatest common factor of 208 and 52?
52
What is the highest common divisor of 6 and 62?
2
What is the greatest common divisor of 320 and 280?
40
What is the greatest common divisor of 3794 and 112?
14
Calculate the highest common divisor of 720 and 380.
20
What is the highest common divisor of 182 and 14?
14
What is the highest common factor of 64 and 8?
8
Calculate the greatest common divisor of 63 and 161.
7
What is the highest common divisor of 996 and 24?
12
Calculate the highest common factor of 45 and 81.
9
What is the highest common divisor of 1210 and 10?
10
Calculate the highest common divisor of 230 and 50.
10
What is the highest common factor of 8 and 676?
4
Calculate the highest common divisor of 154 and 1562.
22
Calculate the greatest common divisor of 19788 and 48.
12
Calculate the greatest common divisor of 430 and 301.
43
Calculate the highest common factor of 943 and 69.
23
Calculate the greatest common divisor of 115 and 23.
23
What is the greatest common divisor of 2987 and 29?
29
Calculate the greatest common factor of 102 and 18.
6
What is the greatest common factor of 465 and 2976?
93
Calculate the highest common factor of 75 and 725.
25
Calculate the greatest common factor of 71 and 781.
71
Calculate the greatest common divisor of 259 and 1610.
7
What is the highest common divisor of 99 and 132?
33
What is the highest common divisor of 1507 and 11?
11
What is the highest common factor of 1242 and 230?
46
Calculate the highest common factor of 45 and 8055.
45
Calculate the highest common divisor of 272 and 85.
17
What is the greatest common divisor of 198 and 9?
9
Calculate the greatest common divisor of 46 and 897.
23
What is the greatest common divisor of 9 and 3078?
9
What is the greatest common divisor of 1003 and 17?
17
What is the highest common factor of 7776 and 384?
96
Calculate the highest common divisor of 25731 and 27.
27
What is the greatest common factor of 372 and 24?
12
Calculate the greatest common factor of 8 and 140.
4
What is the greatest common divisor of 1302 and 84?
42
What is the greatest common divisor of 660 and 33?
33
What is the highest common divisor of 6 and 270?
6
What is the highest common factor of 120 and 160?
40
Calculate the greatest common divisor of 15 and 960.
15
Calculate the greatest common divisor of 184 and 138.
46
Calculate the greatest common factor of 70 and 910.
70
What is the greatest common factor of 30 and 2200?
10
What is the highest common factor of 156 and 1326?
78
What is the highest common divisor of 38 and 61598?
38
What is the highest common factor of 65 and 20?
5
Calculate the greatest common divisor of 1975 and 237.
79
Calculate the greatest common factor of 621 and 46.
23
Calculate the highest common factor of 9 and 123.
3
Calculate the greatest common factor of 22117 and 34.
17
What is the highest common divisor of 28 and 1148?
28
Calculate the highest common factor of 14 and 55006.
14
What is the greatest common divisor of 124 and 2883?
31
Calculate the highest common factor of 8124 and 24.
12
What is the highest common factor of 34448 and 16?
16
Calculate the greatest common factor of 833 and 17.
17
What is the highest common factor of 100 and 450?
50
Calculate the greatest common divisor of 2132 and 208.
52
Calculate the highest common divisor of 82 and 27593.
41
What is the greatest common factor of 35 and 2?
1
Calculate the greatest common factor of 98 and 245.
49
Calculate the greatest common factor of 12255 and 570.
285
Calculate the highest common factor of 84 and 36.
12
What is the highest common divisor of 36 and 1152?
36
Calculate the greatest common factor of 68 and 1292.
68
What is the greatest common factor of 114 and 323?
19
Calculate the greatest common factor of 13 and 130.
13
What is the highest common divisor of 63 and 84?
21
What is the highest common factor of 34 and 64?
2
What is the highest common divisor of 329 and 7?
7
Calculate the highest common factor of 24 and 256.
8
What is the highest common divisor of 28943 and 103?
103
Calculate the highest common divisor of 33237 and 27.
27
What is the highest common factor of 15418 and 52?
26
Calculate the highest common factor of 74 and 1739.
37
What is the greatest common divisor of 976 and 32?
16
What is the highest common divisor of 246 and 1?
1
Calculate the highest common factor of 84 and 324.
12
What is the highest common factor of 5604 and 24?
12
Calculate the greatest common factor of 440 and 55.
55
Calculate the highest common factor of 2795 and 301.
43
What is the highest common factor of 40 and 110?
10
Calculate the highest common divisor of 344 and 774